{"id":2,"date":"2017-02-16T10:10:16","date_gmt":"2017-02-16T10:10:16","guid":{"rendered":"https:\/\/www.isosfer.pt\/novo\/?page_id=2"},"modified":"2025-05-14T15:23:21","modified_gmt":"2025-05-14T15:23:21","slug":"inicio","status":"publish","type":"page","link":"https:\/\/www.isosfer.pt\/","title":{"rendered":"Inicio"},"content":{"rendered":"<p>[et_pb_section fb_built=&#8221;1&#8243; _builder_version=&#8221;4.27.4&#8243; _module_preset=&#8221;default&#8221; background_image=&#8221;https:\/\/www.isosfer.pt\/novo\/wp-content\/uploads\/2025\/05\/thumbnail_sl_1.jpg&#8221; background_size=&#8221;initial&#8221; min_height=&#8221;506px&#8221; height=&#8221;902px&#8221; max_height=&#8221;735px&#8221; hover_enabled=&#8221;0&#8243; global_colors_info=&#8221;{}&#8221; transform_scale=&#8221;112%|112%&#8221; sticky_enabled=&#8221;0&#8243; title_text=&#8221;thumbnail_sl_1&#8243;][\/et_pb_section]<\/p>\n","protected":false},"excerpt":{"rendered":"","protected":false},"author":1,"featured_media":1151,"parent":0,"menu_order":0,"comment_status":"closed","ping_status":"closed","template":"","meta":{"_et_pb_use_builder":"on","_et_pb_old_content":"<p>A Isosfer Ind\u00fastria de Esferovite\u00a0 Lda comemora o 38\u00ba Anivers\u00e1rio de atividade na fabrica\u00e7\u00e3o de m\u00faltiplas solu\u00e7\u00f5es de isolamento em EPS.<\/p><blockquote><p>Na Isosfer dedicamo-nos a fabricar as melhores solu\u00e7\u00f5es para o isolamento t\u00e9rmico e ac\u00fastico, em respeito com os princ\u00edpios da sustentabilidade e do respeito pelo meio ambiente.<\/p><\/blockquote><blockquote><p>No cat\u00e1logo das nossas solu\u00e7\u00f5es encontra proposta para o Isolamento Interior, Isolamento Exterior, Isolamento de Parede Dupla, Isolamento de Telhados, bem como de uma vasta gama de modelos de cimalhas e de abobadilhas,\u00a0 modelos que podemos adaptar \u00e0s dimens\u00f5es necess\u00e1rias para fornecer o melhor e mais adequado produto ao nosso cliente.<\/p><\/blockquote><p>Somos os propriet\u00e1rios das marcas Termoplak, Isoplak, Duroplak Super e disponibilizamos os produtos em Garfite e Peripor. Se o Isolamento \u00e9 preocupa\u00e7\u00e3o , Isosfer \u00e9 a Solu\u00e7\u00e3o!!<\/p>","_et_gb_content_width":"","footnotes":""},"class_list":["post-2","page","type-page","status-publish","has-post-thumbnail","hentry"],"_links":{"self":[{"href":"https:\/\/www.isosfer.pt\/index.php?rest_route=\/wp\/v2\/pages\/2","targetHints":{"allow":["GET"]}}],"collection":[{"href":"https:\/\/www.isosfer.pt\/index.php?rest_route=\/wp\/v2\/pages"}],"about":[{"href":"https:\/\/www.isosfer.pt\/index.php?rest_route=\/wp\/v2\/types\/page"}],"author":[{"embeddable":true,"href":"https:\/\/www.isosfer.pt\/index.php?rest_route=\/wp\/v2\/users\/1"}],"replies":[{"embeddable":true,"href":"https:\/\/www.isosfer.pt\/index.php?rest_route=%2Fwp%2Fv2%2Fcomments&post=2"}],"version-history":[{"count":128,"href":"https:\/\/www.isosfer.pt\/index.php?rest_route=\/wp\/v2\/pages\/2\/revisions"}],"predecessor-version":[{"id":1184,"href":"https:\/\/www.isosfer.pt\/index.php?rest_route=\/wp\/v2\/pages\/2\/revisions\/1184"}],"wp:featuredmedia":[{"embeddable":true,"href":"https:\/\/www.isosfer.pt\/index.php?rest_route=\/wp\/v2\/media\/1151"}],"wp:attachment":[{"href":"https:\/\/www.isosfer.pt\/index.php?rest_route=%2Fwp%2Fv2%2Fmedia&parent=2"}],"curies":[{"name":"wp","href":"https:\/\/api.w.org\/{rel}","templated":true}]}}